{"id":30,"date":"2014-06-29T16:12:25","date_gmt":"2014-06-29T14:12:25","guid":{"rendered":"http:\/\/wordpress.hls-pinneberg.de\/wordpress\/?page_id=30"},"modified":"2023-03-31T09:18:03","modified_gmt":"2023-03-31T07:18:03","slug":"kollegium","status":"publish","type":"page","link":"http:\/\/wordpress.hls-pinneberg.de\/wordpress\/?page_id=30","title":{"rendered":"Kollegium"},"content":{"rendered":"<p>Das Kollegium der Helene-Lange-Schule umfasst im Schuljahr 2022\/ 2023 26 Kolleginnen und ein Kollegen. Des Weiteren sind vier Sonderschullehrkr\u00e4fte, eine Schulsozialarbeiterin und zwei Schulassistenten an unserer Schule t\u00e4tig. Unsere Sekret\u00e4rin Nicole Salomon und unser Hausmeister Thomas Lange erg\u00e4nzen das Team der Schule.<\/p>\n<p>Unser Kollegiumsfoto im August 2022<\/p>\n<p><a href=\"http:\/\/wordpress.hls-pinneberg.de\/wordpress\/wp-content\/uploads\/2023\/01\/Kollegium_August2020.jpg\"><img loading=\"lazy\" class=\"wp-image-3515 aligncenter\" src=\"http:\/\/wordpress.hls-pinneberg.de\/wordpress\/wp-content\/uploads\/2023\/01\/Kollegium_August2020-300x214.jpg\" alt=\"\" width=\"541\" height=\"386\" srcset=\"http:\/\/wordpress.hls-pinneberg.de\/wordpress\/wp-content\/uploads\/2023\/01\/Kollegium_August2020-300x214.jpg 300w, http:\/\/wordpress.hls-pinneberg.de\/wordpress\/wp-content\/uploads\/2023\/01\/Kollegium_August2020-1024x731.jpg 1024w, http:\/\/wordpress.hls-pinneberg.de\/wordpress\/wp-content\/uploads\/2023\/01\/Kollegium_August2020-768x548.jpg 768w, http:\/\/wordpress.hls-pinneberg.de\/wordpress\/wp-content\/uploads\/2023\/01\/Kollegium_August2020-1536x1096.jpg 1536w, http:\/\/wordpress.hls-pinneberg.de\/wordpress\/wp-content\/uploads\/2023\/01\/Kollegium_August2020-2048x1461.jpg 2048w\" sizes=\"(max-width: 541px) 100vw, 541px\" \/><\/a><\/p>\n<p>Unser Kollegiumsfoto im September 2019:<\/p>\n<p><a href=\"http:\/\/wordpress.hls-pinneberg.de\/wordpress\/wp-content\/uploads\/2020\/09\/8352.jpg\"><img loading=\"lazy\" class=\"aligncenter  wp-image-2897\" src=\"http:\/\/wordpress.hls-pinneberg.de\/wordpress\/wp-content\/uploads\/2020\/09\/8352-300x146.jpg\" alt=\"\" width=\"427\" height=\"208\" srcset=\"http:\/\/wordpress.hls-pinneberg.de\/wordpress\/wp-content\/uploads\/2020\/09\/8352-300x146.jpg 300w, http:\/\/wordpress.hls-pinneberg.de\/wordpress\/wp-content\/uploads\/2020\/09\/8352-1024x498.jpg 1024w, http:\/\/wordpress.hls-pinneberg.de\/wordpress\/wp-content\/uploads\/2020\/09\/8352-768x373.jpg 768w, http:\/\/wordpress.hls-pinneberg.de\/wordpress\/wp-content\/uploads\/2020\/09\/8352-1536x746.jpg 1536w, http:\/\/wordpress.hls-pinneberg.de\/wordpress\/wp-content\/uploads\/2020\/09\/8352-2048x995.jpg 2048w\" sizes=\"(max-width: 427px) 100vw, 427px\" \/><\/a><\/p>\n<p>Unser Kollegiumsfoto im September 2018:<\/p>\n<p><img loading=\"lazy\" class=\"aligncenter  wp-image-2226\" src=\"http:\/\/wordpress.hls-pinneberg.de\/wordpress\/wp-content\/uploads\/2014\/06\/32x-_9718.jpg\" alt=\"\" width=\"429\" height=\"306\" srcset=\"http:\/\/wordpress.hls-pinneberg.de\/wordpress\/wp-content\/uploads\/2014\/06\/32x-_9718.jpg 2803w, http:\/\/wordpress.hls-pinneberg.de\/wordpress\/wp-content\/uploads\/2014\/06\/32x-_9718-300x214.jpg 300w, http:\/\/wordpress.hls-pinneberg.de\/wordpress\/wp-content\/uploads\/2014\/06\/32x-_9718-768x548.jpg 768w, http:\/\/wordpress.hls-pinneberg.de\/wordpress\/wp-content\/uploads\/2014\/06\/32x-_9718-1024x731.jpg 1024w\" sizes=\"(max-width: 429px) 100vw, 429px\" \/><\/p>\n<p>Unser Kollegium im September 2017:<\/p>\n<p><img loading=\"lazy\" class=\"wp-image-1906 aligncenter\" src=\"http:\/\/wordpress.hls-pinneberg.de\/wordpress\/wp-content\/uploads\/2014\/06\/28x-_6163.jpg\" alt=\"\" width=\"466\" height=\"332\" srcset=\"http:\/\/wordpress.hls-pinneberg.de\/wordpress\/wp-content\/uploads\/2014\/06\/28x-_6163.jpg 2803w, http:\/\/wordpress.hls-pinneberg.de\/wordpress\/wp-content\/uploads\/2014\/06\/28x-_6163-300x214.jpg 300w, http:\/\/wordpress.hls-pinneberg.de\/wordpress\/wp-content\/uploads\/2014\/06\/28x-_6163-768x548.jpg 768w, http:\/\/wordpress.hls-pinneberg.de\/wordpress\/wp-content\/uploads\/2014\/06\/28x-_6163-1024x731.jpg 1024w\" sizes=\"(max-width: 466px) 100vw, 466px\" \/><\/p>\n<p>Unser Kollegium im September 2016:<\/p>\n<p><img loading=\"lazy\" class=\"aligncenter wp-image-1684 \" src=\"http:\/\/wordpress.hls-pinneberg.de\/wordpress\/wp-content\/uploads\/2014\/06\/02-05-2017-142722-e1493728978331.jpg\" alt=\"02-05-2017 14;27;22\" width=\"466\" height=\"226\" srcset=\"http:\/\/wordpress.hls-pinneberg.de\/wordpress\/wp-content\/uploads\/2014\/06\/02-05-2017-142722-e1493728978331.jpg 1226w, http:\/\/wordpress.hls-pinneberg.de\/wordpress\/wp-content\/uploads\/2014\/06\/02-05-2017-142722-e1493728978331-300x146.jpg 300w, http:\/\/wordpress.hls-pinneberg.de\/wordpress\/wp-content\/uploads\/2014\/06\/02-05-2017-142722-e1493728978331-768x373.jpg 768w, http:\/\/wordpress.hls-pinneberg.de\/wordpress\/wp-content\/uploads\/2014\/06\/02-05-2017-142722-e1493728978331-1024x498.jpg 1024w\" sizes=\"(max-width: 466px) 100vw, 466px\" \/><\/p>\n<p>Unser Kollegium im April 2015:<\/p>\n<p><a href=\"http:\/\/wordpress.hls-pinneberg.de\/wordpress\/wp-content\/uploads\/2014\/06\/Kollegium_HLS.jpg\"><img loading=\"lazy\" class=\"aligncenter wp-image-1070\" src=\"http:\/\/wordpress.hls-pinneberg.de\/wordpress\/wp-content\/uploads\/2014\/06\/Kollegium_HLS-300x144.jpg\" alt=\"Kollegium_HLS\" width=\"364\" height=\"175\" srcset=\"http:\/\/wordpress.hls-pinneberg.de\/wordpress\/wp-content\/uploads\/2014\/06\/Kollegium_HLS-300x144.jpg 300w, http:\/\/wordpress.hls-pinneberg.de\/wordpress\/wp-content\/uploads\/2014\/06\/Kollegium_HLS.jpg 921w\" sizes=\"(max-width: 364px) 100vw, 364px\" \/><\/a><\/p>\n<p>Unser Kollegium im April 2014:<\/p>\n<p><a href=\"http:\/\/wordpress.hls-pinneberg.de\/wordpress\/wp-content\/uploads\/2014\/06\/Kollegiumsfoto-Mai-2014.jpg\"><img loading=\"lazy\" class=\"aligncenter wp-image-169\" src=\"http:\/\/wordpress.hls-pinneberg.de\/wordpress\/wp-content\/uploads\/2014\/06\/Kollegiumsfoto-Mai-2014-300x145.jpg\" alt=\"Kollegiumsfoto Mai 2014\" width=\"365\" height=\"177\" srcset=\"http:\/\/wordpress.hls-pinneberg.de\/wordpress\/wp-content\/uploads\/2014\/06\/Kollegiumsfoto-Mai-2014-300x145.jpg 300w, http:\/\/wordpress.hls-pinneberg.de\/wordpress\/wp-content\/uploads\/2014\/06\/Kollegiumsfoto-Mai-2014-1024x497.jpg 1024w\" sizes=\"(max-width: 365px) 100vw, 365px\" \/><\/a><\/p>\n","protected":false},"excerpt":{"rendered":"<p>Das Kollegium der Helene-Lange-Schule umfasst im Schuljahr 2022\/ 2023 26 Kolleginnen und ein Kollegen. Des Weiteren sind vier Sonderschullehrkr\u00e4fte, eine Schulsozialarbeiterin und zwei Schulassistenten an unserer Schule t\u00e4tig. Unsere Sekret\u00e4rin Nicole Salomon und unser Hausmeister Thomas Lange erg\u00e4nzen das Team der Schule. Unser Kollegiumsfoto im August 2022 Unser Kollegiumsfoto im September 2019: Unser Kollegiumsfoto im [&hellip;]<\/p>\n","protected":false},"author":1,"featured_media":0,"parent":22,"menu_order":0,"comment_status":"closed","ping_status":"closed","template":"","meta":{"ngg_post_thumbnail":0},"_links":{"self":[{"href":"http:\/\/wordpress.hls-pinneberg.de\/wordpress\/index.php?rest_route=\/wp\/v2\/pages\/30"}],"collection":[{"href":"http:\/\/wordpress.hls-pinneberg.de\/wordpress\/index.php?rest_route=\/wp\/v2\/pages"}],"about":[{"href":"http:\/\/wordpress.hls-pinneberg.de\/wordpress\/index.php?rest_route=\/wp\/v2\/types\/page"}],"author":[{"embeddable":true,"href":"http:\/\/wordpress.hls-pinneberg.de\/wordpress\/index.php?rest_route=\/wp\/v2\/users\/1"}],"replies":[{"embeddable":true,"href":"http:\/\/wordpress.hls-pinneberg.de\/wordpress\/index.php?rest_route=%2Fwp%2Fv2%2Fcomments&post=30"}],"version-history":[{"count":33,"href":"http:\/\/wordpress.hls-pinneberg.de\/wordpress\/index.php?rest_route=\/wp\/v2\/pages\/30\/revisions"}],"predecessor-version":[{"id":3545,"href":"http:\/\/wordpress.hls-pinneberg.de\/wordpress\/index.php?rest_route=\/wp\/v2\/pages\/30\/revisions\/3545"}],"up":[{"embeddable":true,"href":"http:\/\/wordpress.hls-pinneberg.de\/wordpress\/index.php?rest_route=\/wp\/v2\/pages\/22"}],"wp:attachment":[{"href":"http:\/\/wordpress.hls-pinneberg.de\/wordpress\/index.php?rest_route=%2Fwp%2Fv2%2Fmedia&parent=30"}],"curies":[{"name":"wp","href":"https:\/\/api.w.org\/{rel}","templated":true}]}}