{"id":2,"date":"2014-06-29T12:37:55","date_gmt":"2014-06-29T10:37:55","guid":{"rendered":"http:\/\/wordpress.hls-pinneberg.de\/wordpress\/?page_id=2"},"modified":"2026-01-15T08:41:24","modified_gmt":"2026-01-15T06:41:24","slug":"beispiel-seite","status":"publish","type":"page","link":"http:\/\/wordpress.hls-pinneberg.de\/wordpress\/?page_id=2","title":{"rendered":"Offener Ganztag"},"content":{"rendered":"<p>Die Helene Lange Schule ist seit dem Schuljahr 2024\/25 eine <strong>Offene Ganztagsschule (OGTS)<\/strong>.<\/p>\n<p>Die \u201eOffene Ganztagsschule\u201c bietet den Sch\u00fclerinnen und Sch\u00fclern erg\u00e4nzend zum planm\u00e4\u00dfigen Unterricht <strong>freiwillige<\/strong> Angebote au\u00dferhalb der Unterrichtszeit an. Tr\u00e4ger des OGT ist die Stadt Pinneberg. Unser Konzept zum offenen Ganztag k\u00f6nnen Sie hier einsehen.<\/p>\n<p><em><a href=\"http:\/\/wordpress.hls-pinneberg.de\/wordpress\/wp-content\/uploads\/2025\/09\/Konzept-fuer-den-offenen-Ganztag-Stand-23.04.2024.pdf\">Konzept f\u00fcr den offenen Ganztag Stand 23.04.2024<\/a><\/em><\/p>\n<p>An der Helene Lange Schule gibt es z. Zt. von Montag bis Freitag zus\u00e4tzlich w\u00e4hlbare Kurse am Nachmitttag.\u00a0<\/p>\n<p>Im vielf\u00e4ltigen Kursangebot k\u00f6nnen Begabungen vertieft werden, neue Lernchancen und Interessensgebiete er\u00f6ffnet und erprobt werden. Au\u00dferdem wird soziales Lernen durch die unterschiedliche Zusammensetzung der Kurse \u00fcber verschiedene Altersgruppen gef\u00f6rdert.\u00a0<\/p>\n<p><strong>Die Kurse<\/strong>\u00a0werden zu Beginn eines jeden Schulhalbjahres gew\u00e4hlt und sind dann -nach einer Zusage &#8211; <strong>verbindlich<\/strong>. Da die Anzahl der Pl\u00e4tze in einigen Kursen begrenzt ist, entscheidet ggf. das Los.\u00a0<\/p>\n<p>Unsere Kurse umfassen die Bereiche: musische Bildung, Kunst, Bewegung, Spiel und Sport, Ern\u00e4hrung, Theater, Sprachen, Entspannungstechniken und andere. Alles Weitere (Kosten etc.) entnehmen Sie bitte unserem Kursprogramm.<\/p>\n<p><em><a href=\"http:\/\/wordpress.hls-pinneberg.de\/wordpress\/wp-content\/uploads\/2026\/01\/Kursprogramm-2.-Halbjahr-2025-26-1.pdf\">Kursprogramm 2. Halbjahr 2025-26<\/a><\/em><\/p>\n<p><em><a href=\"http:\/\/wordpress.hls-pinneberg.de\/wordpress\/wp-content\/uploads\/2026\/01\/Kursuebersicht.pdf\">Kurs\u00fcbersicht<\/a><\/em><\/p>\n<p><em><a href=\"http:\/\/wordpress.hls-pinneberg.de\/wordpress\/wp-content\/uploads\/2026\/01\/Kuendigung_Kurs_HLS.pdf\">K\u00fcndigung_Kurs_HLS<\/a><\/em><\/p>\n<p>Hier finden Sie unser aktuelles Kursangebot und eine Kurs\u00fcbersicht. Das Anmeldeverfahren l\u00e4uft \u00fcber eine Leonie-Umfrage. Bei technischen Problemen k\u00f6nnen Sie sich gern im Sekretariat melden. Kursbeginn ist die Woche vom 09.02.2026 und endet mit den Sommerferien.\u00a0<\/p>\n<p><strong>Bitte beachten Sie, dass die Teilnahme an Kursen des OGT keine Verl\u00e4sslichkeit bietet. <\/strong>Sollten Sie eine verl\u00e4ssliche, l\u00fcckenlose Betreuung ben\u00f6tigen, melden Sie Ihr Kind bitte in der Ganztagsbetreuung (Betreuungsklasse der Helene Lange Schule) vom DHB an:\u00a0 <em><a href=\"https:\/\/dhb-pinneberg.de\/formulare-hls\/\">Formulare und Preise Betreuung HLS &#8211; DHB \u2013 Dasein, Helfen, Bewegen Soziale Dienste Pinneberg gGmbH<\/a><\/em><\/p>\n<p>Von Montag bis Freitag jeweils in der Zeit ab Schulschluss bis sp\u00e4testens 14:00 Uhr k\u00f6nnen alle Kinder der Schule ein warmes Mittagessen in der Mensa zu sich nehmen. Bitte melden Sie Ihr Kind daf\u00fcr bei Bedarf an. N\u00e4here Informationen finden Sie hier:<\/p>\n<p><em><a href=\"https:\/\/dhb-pinneberg.de\/formulare-und-preise-betreuter-mittagstisch-hls\/\">Formulare und Preise betreuter Mittagstisch HLS &#8211; DHB \u2013 Dasein, Helfen, Bewegen Soziale Dienste Pinneberg gGmbH<\/a><\/em><\/p>\n<p>\u00a0<\/p>\n\n\n<p><\/p>\n","protected":false},"excerpt":{"rendered":"<p>Die Helene Lange Schule ist seit dem Schuljahr 2024\/25 eine Offene Ganztagsschule (OGTS). Die \u201eOffene Ganztagsschule\u201c bietet den Sch\u00fclerinnen und Sch\u00fclern erg\u00e4nzend zum planm\u00e4\u00dfigen Unterricht freiwillige Angebote au\u00dferhalb der Unterrichtszeit an. Tr\u00e4ger des OGT ist die Stadt Pinneberg. Unser Konzept zum offenen Ganztag k\u00f6nnen Sie hier einsehen. Konzept f\u00fcr den offenen Ganztag Stand 23.04.2024 An [&hellip;]<\/p>\n","protected":false},"author":1,"featured_media":0,"parent":0,"menu_order":0,"comment_status":"closed","ping_status":"closed","template":"","meta":{"ngg_post_thumbnail":0},"_links":{"self":[{"href":"http:\/\/wordpress.hls-pinneberg.de\/wordpress\/index.php?rest_route=\/wp\/v2\/pages\/2"}],"collection":[{"href":"http:\/\/wordpress.hls-pinneberg.de\/wordpress\/index.php?rest_route=\/wp\/v2\/pages"}],"about":[{"href":"http:\/\/wordpress.hls-pinneberg.de\/wordpress\/index.php?rest_route=\/wp\/v2\/types\/page"}],"author":[{"embeddable":true,"href":"http:\/\/wordpress.hls-pinneberg.de\/wordpress\/index.php?rest_route=\/wp\/v2\/users\/1"}],"replies":[{"embeddable":true,"href":"http:\/\/wordpress.hls-pinneberg.de\/wordpress\/index.php?rest_route=%2Fwp%2Fv2%2Fcomments&post=2"}],"version-history":[{"count":26,"href":"http:\/\/wordpress.hls-pinneberg.de\/wordpress\/index.php?rest_route=\/wp\/v2\/pages\/2\/revisions"}],"predecessor-version":[{"id":4053,"href":"http:\/\/wordpress.hls-pinneberg.de\/wordpress\/index.php?rest_route=\/wp\/v2\/pages\/2\/revisions\/4053"}],"wp:attachment":[{"href":"http:\/\/wordpress.hls-pinneberg.de\/wordpress\/index.php?rest_route=%2Fwp%2Fv2%2Fmedia&parent=2"}],"curies":[{"name":"wp","href":"https:\/\/api.w.org\/{rel}","templated":true}]}}