{"id":16,"date":"2014-06-29T15:34:35","date_gmt":"2014-06-29T13:34:35","guid":{"rendered":"http:\/\/wordpress.hls-pinneberg.de\/wordpress\/?page_id=16"},"modified":"2026-04-15T12:39:43","modified_gmt":"2026-04-15T10:39:43","slug":"startseite","status":"publish","type":"page","link":"http:\/\/wordpress.hls-pinneberg.de\/wordpress\/","title":{"rendered":"Herzlich willkommen"},"content":{"rendered":"<p>herzlich willkommen auf der Homepage der Helene-Lange-Schule.\u00a0<\/p>\n<p>Hier k\u00f6nnen Sie Einblicke in das Schulleben bekommen, sich \u00fcber Veranstaltungen informieren und unsere Schule ein wenig kennenlernen.<\/p>\n<p>Elternbriefe finden Sie auch jeweils auf der Homepage unter der Rubrik &#8222;Informationen der Schulleitung&#8220;.\u00a0<\/p>\n<p>Gern stehen wir Ihnen zus\u00e4tzlich per Telefon oder Mail f\u00fcr die Beantwortung weitergehender Fragen stets zur Verf\u00fcgung.\u00a0<\/p>\n<p>Aktuell suchen wir ein\/e FSJ-ler\/in f\u00fcr das kommende Schuljahr.<\/p>\n<p><a href=\"http:\/\/wordpress.hls-pinneberg.de\/wordpress\/wp-content\/uploads\/2026\/04\/Screenshot-2026-04-13-164020.png\"><img loading=\"lazy\" class=\"alignnone  wp-image-4077\" src=\"http:\/\/wordpress.hls-pinneberg.de\/wordpress\/wp-content\/uploads\/2026\/04\/Screenshot-2026-04-13-164020.png\" alt=\"\" width=\"392\" height=\"486\" srcset=\"http:\/\/wordpress.hls-pinneberg.de\/wordpress\/wp-content\/uploads\/2026\/04\/Screenshot-2026-04-13-164020.png 728w, http:\/\/wordpress.hls-pinneberg.de\/wordpress\/wp-content\/uploads\/2026\/04\/Screenshot-2026-04-13-164020-242x300.png 242w\" sizes=\"(max-width: 392px) 100vw, 392px\" \/><\/a><\/p>\n<p><a style=\"display: inline !important;\" href=\"http:\/\/wordpress.hls-pinneberg.de\/wordpress\/wp-content\/uploads\/2023\/01\/DSC_9653-scaled.jpg\"><img loading=\"lazy\" class=\"wp-image-3519\" src=\"http:\/\/wordpress.hls-pinneberg.de\/wordpress\/wp-content\/uploads\/2023\/01\/DSC_9653-scaled.jpg\" alt=\"\" width=\"126\" height=\"176\" srcset=\"http:\/\/wordpress.hls-pinneberg.de\/wordpress\/wp-content\/uploads\/2023\/01\/DSC_9653-scaled.jpg 1827w, http:\/\/wordpress.hls-pinneberg.de\/wordpress\/wp-content\/uploads\/2023\/01\/DSC_9653-214x300.jpg 214w, http:\/\/wordpress.hls-pinneberg.de\/wordpress\/wp-content\/uploads\/2023\/01\/DSC_9653-731x1024.jpg 731w, http:\/\/wordpress.hls-pinneberg.de\/wordpress\/wp-content\/uploads\/2023\/01\/DSC_9653-768x1076.jpg 768w, http:\/\/wordpress.hls-pinneberg.de\/wordpress\/wp-content\/uploads\/2023\/01\/DSC_9653-1096x1536.jpg 1096w, http:\/\/wordpress.hls-pinneberg.de\/wordpress\/wp-content\/uploads\/2023\/01\/DSC_9653-1461x2048.jpg 1461w\" sizes=\"(max-width: 126px) 100vw, 126px\" \/><\/a><\/p>\n<p>Malina Waschkau<\/p>\n<p style=\"text-align: center; padding-left: 200px;\">\u00a0<\/p>\n<p><img loading=\"lazy\" class=\"alignnone wp-image-25 size-full\" src=\"http:\/\/wordpress.hls-pinneberg.de\/wordpress\/wp-content\/uploads\/2014\/06\/hls-Logo1.jpg\" alt=\"hls Logo\" width=\"180\" height=\"101\" \/> \u00a0 \u00a0 \u00a0 \u00a0 \u00a0 \u00a0 \u00a0<a href=\"http:\/\/wordpress.hls-pinneberg.de\/wordpress\/wp-content\/uploads\/2026\/04\/BMBF_SCP_Logo_RGB.png\"><img loading=\"lazy\" class=\"alignnone  wp-image-4074\" src=\"http:\/\/wordpress.hls-pinneberg.de\/wordpress\/wp-content\/uploads\/2026\/04\/BMBF_SCP_Logo_RGB.png\" alt=\"\" width=\"234\" height=\"119\" srcset=\"http:\/\/wordpress.hls-pinneberg.de\/wordpress\/wp-content\/uploads\/2026\/04\/BMBF_SCP_Logo_RGB.png 2361w, http:\/\/wordpress.hls-pinneberg.de\/wordpress\/wp-content\/uploads\/2026\/04\/BMBF_SCP_Logo_RGB-300x152.png 300w, http:\/\/wordpress.hls-pinneberg.de\/wordpress\/wp-content\/uploads\/2026\/04\/BMBF_SCP_Logo_RGB-1024x520.png 1024w, http:\/\/wordpress.hls-pinneberg.de\/wordpress\/wp-content\/uploads\/2026\/04\/BMBF_SCP_Logo_RGB-768x390.png 768w, http:\/\/wordpress.hls-pinneberg.de\/wordpress\/wp-content\/uploads\/2026\/04\/BMBF_SCP_Logo_RGB-1536x781.png 1536w, http:\/\/wordpress.hls-pinneberg.de\/wordpress\/wp-content\/uploads\/2026\/04\/BMBF_SCP_Logo_RGB-2048x1041.png 2048w\" sizes=\"(max-width: 234px) 100vw, 234px\" \/><\/a><\/p>\n<p><img loading=\"lazy\" class=\"size-full wp-image-379 alignleft\" src=\"http:\/\/wordpress.hls-pinneberg.de\/wordpress\/wp-content\/uploads\/2014\/06\/Pr\u00e4ventionsschule.jpg\" alt=\"Pr\u00e4ventionsschule\" width=\"170\" height=\"113\" \/><\/p>\n\n\n<p><\/p>\n","protected":false},"excerpt":{"rendered":"<p>herzlich willkommen auf der Homepage der Helene-Lange-Schule.\u00a0 Hier k\u00f6nnen Sie Einblicke in das Schulleben bekommen, sich \u00fcber Veranstaltungen informieren und unsere Schule ein wenig kennenlernen. Elternbriefe finden Sie auch jeweils auf der Homepage unter der Rubrik &#8222;Informationen der Schulleitung&#8220;.\u00a0 Gern stehen wir Ihnen zus\u00e4tzlich per Telefon oder Mail f\u00fcr die Beantwortung weitergehender Fragen stets zur [&hellip;]<\/p>\n","protected":false},"author":1,"featured_media":0,"parent":0,"menu_order":0,"comment_status":"closed","ping_status":"closed","template":"","meta":{"ngg_post_thumbnail":0},"_links":{"self":[{"href":"http:\/\/wordpress.hls-pinneberg.de\/wordpress\/index.php?rest_route=\/wp\/v2\/pages\/16"}],"collection":[{"href":"http:\/\/wordpress.hls-pinneberg.de\/wordpress\/index.php?rest_route=\/wp\/v2\/pages"}],"about":[{"href":"http:\/\/wordpress.hls-pinneberg.de\/wordpress\/index.php?rest_route=\/wp\/v2\/types\/page"}],"author":[{"embeddable":true,"href":"http:\/\/wordpress.hls-pinneberg.de\/wordpress\/index.php?rest_route=\/wp\/v2\/users\/1"}],"replies":[{"embeddable":true,"href":"http:\/\/wordpress.hls-pinneberg.de\/wordpress\/index.php?rest_route=%2Fwp%2Fv2%2Fcomments&post=16"}],"version-history":[{"count":94,"href":"http:\/\/wordpress.hls-pinneberg.de\/wordpress\/index.php?rest_route=\/wp\/v2\/pages\/16\/revisions"}],"predecessor-version":[{"id":4078,"href":"http:\/\/wordpress.hls-pinneberg.de\/wordpress\/index.php?rest_route=\/wp\/v2\/pages\/16\/revisions\/4078"}],"wp:attachment":[{"href":"http:\/\/wordpress.hls-pinneberg.de\/wordpress\/index.php?rest_route=%2Fwp%2Fv2%2Fmedia&parent=16"}],"curies":[{"name":"wp","href":"https:\/\/api.w.org\/{rel}","templated":true}]}}